96651.
47, 1723333
List the prime factors of 1056708332.
2, 19, 47, 295831
List the prime factors of 206380379.
103, 829, 2417
What are the prime factors of 2766643773?
3, 922214591
List the prime factors of 54293394.
2, 3, 29, 312031
List the prime factors of 47551564.
2, 11887891
List the prime factors of 2698160099.
83, 113, 287681
What are the prime factors of 372672134?
2, 186336067
List the prime factors of 467895290.
2, 5, 46789529
List the prime factors of 5245008494.
2, 11, 238409477
What are the prime factors of 47688158?
2, 7, 89, 38273
List the prime factors of 866759119.
19, 45618901
List the prime factors of 20136194.
2, 13, 17, 45557
List the prime factors of 258326372.
2, 373, 173141
List the prime factors of 276924868.
2, 11, 6293747
List the prime factors of 4691948893.
4691948893
List the prime factors of 144815918.
2, 13, 739, 7537
List the prime factors of 60793112.
2, 101, 75239
What are the prime factors of 989492187?
3, 4523, 72923
What are the prime factors of 64201621?
11, 29, 313, 643
List the prime factors of 43992987.
3, 47, 312007
List the prime factors of 1851208207.
151, 12259657
List the prime factors of 1163745448.
2, 145468181
What are the prime factors of 75426979?
19, 37, 5647
What are the prime factors of 818691155?
5, 97, 647, 2609
What are the prime factors of 4733101296?
2, 3, 7, 11, 20327
List the prime factors of 160887122.
2, 11, 199, 36749
What are the prime factors of 113913418?
2, 79, 720971
What are the prime factors of 4168685736?
2, 3, 17, 29, 13049
What are the prime factors of 1600087778?
2, 83, 9639083
List the prime factors of 66486894.
2, 3, 521, 21269
What are the prime factors of 2349790683?
3, 783263561
List the prime factors of 934568802.
2, 3, 4637, 11197
List the prime factors of 26893027.
7, 31, 123931
List the prime factors of 11506202.
2, 907, 6343
List the prime factors of 157186121.
157186121
List the prime factors of 618961264.
2, 43, 241, 3733
What are the prime factors of 97738027?
97738027
What are the prime factors of 34409109?
3, 7, 29, 56501
List the prime factors of 102677120.
2, 5, 7, 13, 41, 43
List the prime factors of 134032337.
449, 298513
List the prime factors of 90551642.
2, 45275821
List the prime factors of 2470470294.
2, 3, 17, 127, 190711
What are the prime factors of 73712263?
23, 1549, 2069
List the prime factors of 5758356.
2, 3, 29, 16547
What are the prime factors of 2079063624?
2, 3, 11, 379, 1889
List the prime factors of 169094126.
2, 89, 949967
List the prime factors of 3904562303.
33629, 116107
What are the prime factors of 58485819?
3, 7, 19, 146581
What are the prime factors of 672809732?
2, 7, 223, 277, 389
What are the prime factors of 316548656?
2, 1861, 10631
List the prime factors of 168442246.
2, 7, 71, 97, 1747
What are the prime factors of 234719587?
107, 2193641
List the prime factors of 190757887.
190757887
List the prime factors of 19017062.
2, 19, 193, 2593
What are the prime factors of 834851738?
2, 7, 3643, 16369
List the prime factors of 87649789.
79, 1109491
List the prime factors of 280033689.
3, 13, 7180351
List the prime factors of 170257562.
2, 4933, 17257
What are the prime factors of 343683193?
7, 49097599
List the prime factors of 68961727.
353, 195359
List the prime factors of 8011495.
5, 191, 8389
What are the prime factors of 5597172110?
2, 5, 71, 7883341
What are the prime factors of 34607904?
2, 3, 29, 31, 401
List the prime factors of 154066926.
2, 3, 13, 23, 157, 547
List the prime factors of 62244977.
62244977
What are the prime factors of 12934073?
23, 562351
List the prime factors of 1690233058.
2, 17, 397, 125221
What are the prime factors of 409360138?
2, 11, 18607279
What are the prime factors of 3717705?
3, 5, 247847
What are the prime factors of 59520249?
3, 6613361
List the prime factors of 60476029.
827, 73127
What are the prime factors of 48679816?
2, 6084977
List the prime factors of 67097679.
3, 11, 2033263
What are the prime factors of 3233230996?
2, 29, 157, 177533
What are the prime factors of 741651064?
2, 7, 11, 24571
What are the prime factors of 1092044128?
2, 7, 4875197
What are the prime factors of 2751687412?
2, 443, 1552871
List the prime factors of 996855412.
2, 7, 43, 61, 277
List the prime factors of 3166309219.
859, 1499, 2459
What are the prime factors of 20748345?
3, 5, 367, 3769
What are the prime factors of 83780008?
2, 13, 113, 7129
What are the prime factors of 612017356?
2, 153004339
What are the prime factors of 34895967?
3, 11631989
What are the prime factors of 17284884?
2, 3, 79, 18233
What are the prime factors of 7577277?
3, 761, 3319
List the prime factors of 124532492.
2, 7, 4447589
List the prime factors of 11850010.
2, 5, 457, 2593
What are the prime factors of 6559152795?
3, 5, 13, 61, 1571
What are the prime factors of 100313057?
13, 89, 277, 313
What are the prime factors of 59062445?
5, 13, 908653
List the prime factors of 293920079.
103, 409, 6977
What are the prime factors of 75945114?
2, 3, 7, 193, 347
What are the prime factors of 92340741?
3, 19, 1620013
List the prime factors of 206508545.
5, 337, 122557
List the prime factors of 103661656.
2, 7, 264443
List the prime factors of 1612060609.
71, 107, 443, 479
What are the prime factors of 29039289?
3, 2729, 3547
What are the prime factors of 1364351693?
1987, 686639
List the prime factors of 574692274.
2, 13, 523, 3251
List the prime factors of 493811058.
2, 3, 13, 23, 409, 673
What are the prime factors of 93832784?
2, 31, 139, 1361
List the prime factors of 3174140558.
2, 1587070279
What are the prime factors of 152342743?
7, 21763249
What are the prime factors of 45855518?
2, 2591, 8849
List the prime factors of 1015428305.
5, 19, 10688719
List the prime factors of 939808009.
7, 134258287
What are the prime factors of 2660961121?
7, 13, 4177333
List the prime factors of 23265400.
2, 5, 61, 1907
What are the prime factors of 3611433619?
23, 157018853
What are the prime factors of 60981860?
2, 5, 1693, 1801
List the prime factors of 82142613.
3, 7, 613, 709
List the prime factors of 208356987.
3, 69452329
What are the prime factors of 8766991332?
2, 3, 11, 31, 149, 4793
List the prime factors of 6924511014.
2, 3, 61, 139, 136111
What are the prime factors of 12154090?
2, 5, 13, 93493
What are the prime factors of 16755858?
2, 3, 7, 71, 1873
List the prime factors of 580676676.
2, 3, 23, 2103901
What are the prime factors of 37382267?
13, 733, 3923
List the prime factors of 1009627894.
2, 11, 45892177
What are the prime factors of 54486731?
13, 277, 15131
List the prime factors of 114230705.
5, 22846141
What are the prime factors of 332308507?
37, 8981311
What are the prime factors of 21301485?
3, 5, 1420099
What are the prime factors of 1535381584?
2, 11, 793069
List the prime factors of 19676868.
2, 3, 23, 71293
What are the prime factors of 964205322?
2, 3, 521, 308447
List the prime factors of 308567113.
53, 5822021
What are the prime factors of 307107975?
3, 5, 17, 240869
What are the prime factors of 1015686547?
241, 353, 11939
List the prime factors of 321002455.
5, 2687, 23893
List the prime factors of 5805797.
61, 95177
List the prime factors of 50355755.
5, 89, 113159
List the prime factors of 43873836.
2, 3, 313, 11681
What are the prime factors of 6543961773?
3, 2181320591
What are the prime factors of 952103?
31, 30713
List the prime factors of 16973408.
2, 131, 4049
What are the prime factors of 415138343?
163, 457, 5573
List the prime factors of 3086425169.
59, 317, 2797
What are the prime factors of 190060958?
2, 95030479
What are the prime factors of 40639030?
2, 5, 797, 5099
List the prime factors of 95937280.
2, 5, 241, 311
What are the prime factors of 324786299?
6361, 51059
List the prime factors of 65172591.
3, 11, 658309
What are the prime factors of 57214884?
2, 3, 101, 47207
What are the prime factors of 8092621?
41, 197381
What are the prime factors of 138200794?
2, 19, 239, 15217
List the prime factors of 230949443.
73, 577, 5483
What are the prime factors of 209990559?
3, 31, 73, 30931
What are the prime factors of 21886191?
3, 17, 53, 2699
List the prime factors of 2984970630.
2, 3, 5, 99499021
List the prime factors of 271853019.
3, 1861, 16231
What are the prime factors of 157891